et q be v(8). What is the remainder when q*45 + (9 - 5) is divided by 26?
16
Suppose -29*i + 207 - 33 = 0. What is the remainder when i is divided by 4?
2
Let f(t) = 7*t**2 + 5*t + 18. Let b(z) = 13*z**2 + 12*z + 35. Let q(p) = -6*b(p) + 11*f(p). Calculate the remainder when 78 is divided by q(-13).
38
Calculate the remainder when (7/3 - 3)*-12 is divided by 4.
0
Let y = -1 - -2. Let f = -27 + 27. What is the remainder when y is divided by (f + -1)*(-3 + (0 - -2))?
0
Let k(z) = -2*z**3 + 45*z**2 + 22*z + 41. What is the remainder when 191 is divided by k(23)?
11
Let t = -56 + 66. Calculate the remainder when 39 is divided by t.
9
Suppose -b = -5*b - z - 21, 2*z = -3*b - 22. Let c = b + 31. What is the remainder when 106 is divided by c?
25
Let v = -62 - -65. Suppose -v*z - 2*z + 145 = 0. What is the remainder when 57 is divided by z?
28
Let g(s) = 53*s**2 - 4*s - 6. What is the remainder when g(-1) is divided by (-1)/(-1 + (-24)/(-26))?
12
Let f(c) = c**2 + 6*c + 5. Let g be f(-7). Suppose -g = v - 23. What is the remainder when 15 is divided by 2/v + (-291)/(-33)?
6
Let r = 0 - -34. Suppose -4*n + r = -10. Calculate the remainder when 42 is divided by n.
9
Let i be -1 + 0 + (-1 - -6). Suppose 5*j - 6 = p, 10 = 2*p - i*j - 8. What is the remainder when (-3)/((-18)/10)*45 is divided by p?
18
Let i(p) = p**2 + 10*p + 52. Calculate the remainder when 282 is divided by i(-11).
30
Suppose -l - 60 = -2*u - 54, -5*u + 3*l = -13. What is the remainder when 339 is divided by u?
4
Let v(i) = 2*i**2 - 21. Let a(d) = 5*d**2 + 4*d + 3. Let l be a(-3). What is the remainder when l/(-3)*(-10)/4 is divided by v(4)?
8
Suppose i - 4*f = 58, -2*i + f = 36 - 131. What is the remainder when 69 is divided by (-620)/(-26) - i/(-299)?
21
Let m(d) = -d**2 - 2*d + 10. Suppose -z + 5 = -0*z. Suppose -6 = 2*q - z*q. Calculate the remainder when q is divided by m(-4).
0
Suppose 10616 = 52*v - 80228. What is the remainder when v is divided by 125?
122
Suppose 0 = 6*l + 136 - 16. Let b = l - -42. What is the remainder when 62 is divided by b?
18
Let y(l) = -6*l**3 + 3*l**2. What is the remainder when 961 is divided by y(-1)?
7
Suppose 4*a - 54 = a. Let h = a + -6. Suppose -71 - 41 = -2*l + 2*p, -5*l + p = -288. What is the remainder when l is divided by h?
10
Suppose 80 = -3*c + 2*c. Let a be ((-12)/5)/(12/c). Calculate the remainder when 57 is divided by 0 + (-4 - -8) + a.
17
Let a(c) = 26*c**2 - 200*c - 30. What is the remainder when 440 is divided by a(8)?
32
Let m(p) = 0*p**2 - p**2 - 6 + 6*p - 4*p**2 + 6*p**2. Let b be m(-7). Suppose y - b = 2*d, -31 = -2*y - 5*d + 7. Calculate the remainder when y is divided by 3.
0
Suppose 3*s - 24 = s + a, -4*a = 2*s - 14. Calculate the remainder when 180 is divided by s.
4
Let z(a) = -2*a + 35. What is the remainder when 25 is divided by z(13)?
7
Let s be 1/4 - (-604)/16. Let l = s + 11. Suppose -w + 3*q = -18 - 23, 4*q = -20. Calculate the remainder when l is divided by w.
23
Suppose 0*v - 232 = -4*z - 3*v, 4*v = 4*z - 260. What is the remainder when z is divided by 9?
7
Suppose 0*k + 2*k = -4*h - 598, 0 = 3*k - h + 862. Let t = k + 413. Suppose -5*d = -3*d - t. Calculate the remainder when d is divided by 16.
14
Let h(c) = 37 - 4*c**2 - 10*c - 19 + c**3 - 16. Calculate the remainder when h(6) is divided by 3.
2
Suppose 3*c - 23*c + 3840 = 0. Calculate the remainder when c is divided by 13.
10
Let r = 60 + 260. Calculate the remainder when r is divided by 23.
21
Calculate the remainder when (10/6)/((-7)/10206*-9) is divided by 130.
10
Let g be 7 - 1 - (18 - 21). Let j be ((-42)/(-35))/(g/30). Suppose -h = h, h + 116 = j*v. Calculate the remainder when 84 is divided by v.
26
Let t be 5*9/12*4. Suppose -4*y - 2*p + 27 = p, 2*y + p = t. Let x(u) = -u**3 + 10*u**2 - 4*u + 13. What is the remainder when x(y) is divided by 12?
10
Suppose 325 = 6*t - t - 4*r, -4*t = 2*r - 234. Calculate the remainder when t is divided by 31.
30
Let y(x) = 2*x**2 + 14*x + 52. Calculate the remainder when 71 is divided by y(-6).
31
Let y be ((-16)/(-20))/(2/10). Let u = 38 + 0. Calculate the remainder when u is divided by (-3 - (-44)/20)/(y/(-50)).
8
Suppose 3*r - 10*r = -35. Suppose -4*x - r*h = -395, x - 4*h = 132 - 49. Calculate the remainder when x is divided by 12.
11
Let z be (1/(4/58))/((-1)/12). Suppose -p - 8 - 8 = -4*u, 0 = -p + 2*u - 10. What is the remainder when (-6)/p*z/(-9) is divided by 11?
7
Let t(v) = 108*v - 359. What is the remainder when t(10) is divided by 25?
21
Let r(p) = -8*p - p + 3 + 6*p. What is the remainder when r(-3) is divided by 3?
0
Suppose 3*x - 20 - 31 = 0. Suppose x*o - 22*o + 470 = 0. What is the remainder when o is divided by 16?
14
Let t = -16 - -29. Suppose 37 + 58 = 3*r - 5*m, 3*m - 57 = -2*r. Calculate the remainder when t/1*(4 - -5) is divided by r.
27
What is the remainder when 58/8 - ((-52)/(-16) - 3) is divided by 3?
1
Let t = -2232 - -2272. What is the remainder when (1 - 2) + 1*119 is divided by t?
38
Calculate the remainder when ((-1600)/6 + (-2)/(-3))/(-2) is divided by 14.
7
What is the remainder when -21*3/((-42)/40) is divided by 19?
3
Let w = -101 + 142. What is the remainder when w is divided by 17?
7
Suppose -3 + 13 = g - q, -4*g - 5*q = 5. Suppose 0 = -g*d + 147 - 52. Suppose 0 = 3*z - d - 23. What is the remainder when 67 is divided by z?
11
Let p = -31 - -31. Let a(r) = r**2 + 2*r + 3. Let g be a(-2). Suppose p = 4*f, -3*f + f = g*u - 24. Calculate the remainder when 31 is divided by u.
7
Suppose 4*o + v = 569, o - 5*v + v = 138. Calculate the remainder when o is divided by 9.
7
Suppose 4*o = -2*q - 0*o + 38, -q = 5*o - 7. What is the remainder when 100 is divided by q?
19
Suppose -2*s - 5 = -5*j, -j + 5*j - 21 = 5*s. Let y be s*-74*(-1)/(-10). Let g = y + -26. What is the remainder when 41 is divided by g?
8
Calculate the remainder when 13 is divided by (-1 + 2 - -2) + (4 - 1).
1
Let c = -42 - -45. Suppose n = 2*p + 17, -n + 35 = n - c*p. What is the remainder when n is divided by 5?
4
Suppose 6*r = 69*r - 6426. Calculate the remainder when 234 is divided by r.
30
Suppose -11*w + 280 = 9*w. What is the remainder when (-4)/(-18) - (-358)/9 is divided by w?
12
Suppose 2*k = y + 155, 0 = y + 4 + 1. What is the remainder when k is divided by 19?
18
What is the remainder when 126/56*2508/9 is divided by 14?
11
Suppose -85 = -5*l + 5*k, -k = -4*k. Calculate the remainder when l is divided by 1/(-3)*-21 + -3.
1
Suppose 418 + 80 = 6*o. What is the remainder when o is divided by 15?
8
Let y = 238 - 205. Calculate the remainder when 157 is divided by y.
25
Let r = 1 + 14. Calculate the remainder when r is divided by 104/18 - 10/(-45).
3
What is the remainder when 195 is divided by -4 + 40/12 - 834/(-9)?
11
Let z be (4/(-3))/(11/(-33)). Suppose -3*p - o = o - 96, 64 = 2*p - z*o. What is the remainder when p is divided by 12?
8
Let p = 2603 - 2597. What is the remainder when 171 is divided by p?
3
Let x be 9/(-15) - (-9)/15. Suppose 2*o = -2, x*z - 4*o = -z + 14. Let b = 0 + 38. What is the remainder when b is divided by z?
8
Calculate the remainder when (164/8)/(10/60) is divided by 7.
4
Let j = 131 - 55. Let z = j - 46. Suppose -2*t - 2*c + 9 + 11 = 0, 5*c + z = 5*t. What is the remainder when 13 is divided by t?
5
Suppose 4*z = c - 5, 3 = 3*c - 5*z + 2. Let u = c - -19. Let x(q) = 15*q + 106. Calculate the remainder when x(-4) is divided by u.
14
Let n = 34 - 26. Suppose n + 7 = 3*c. Let i = 24 - c. What is the remainder when i is divided by 10?
9
Let l(d) = 4*d + 3. Let n be l(-2). Calculate the remainder when 55 is divided by (-5 + 120/n)*(-1)/1.
26
Let h(t) = t**2 - 3*t - 3. Suppose 7 = f + 1. Calculate the remainder when h(-2) is divided by (8/f)/((-2)/(-3)).
1
Let d(h) = -h**2 - h + 1. Let a(v) = -3*v + 1. Let j be a(1). Let o be d(j). Calculate the remainder when ((o - 76) + 0)/(-1) is divided by 26.
25
Suppose 4 = -2*z + 16. Suppose z*w = 3*w + 60. What is the remainder when 76 is divided by w?
16
Suppose 2*h - 13 = -37. Let o = 11 + h. Let i(y) = -15*y. What is the remainder when 29 is divided by i(o)?
14
Let t be 18 - ((-3)/(-1) + -1). Suppose -s = -3*q - t, 4*s - 5*q = 2*s + 28. Let o(a) = 11*a - 62. Calculate the remainder when o(7) is divided by s.
3
Let l = -631 - -651. What is the remai